t is the value of 2 + 2 + 1 + 20 + 9 + (-15 - 2)?
17
Calculate -52 + (43 - 16) - -29.
4
-4 + -52 + (76 - -5)
25
What is the value of -110 - -36 - (-34 - 9)?
-31
Calculate 47 + 38 - 1 - 31.
53
Evaluate -82 + 114 + 85 + 1 + -12 + -8 + 0.
98
Evaluate (-33 - 1) + (18 - (2 + -26 + 33)).
-25
What is the value of -63 + 21 - (10 - 34)?
-18
Calculate 4 + -28 + -17 + -2.
-43
What is the value of 84 + (-111 + 190 - 120)?
43
Evaluate 70 + -76 + -46 + 43.
-9
34 + (16 - (-8 + 8 + 3 - -11))
36
64 + (-38 - -87 - 52)
61
What is -82 + -7 + 41 + 57?
9
What is 55 - (-47 - (35 + -96))?
41
55 + (-43 + -33 - -39)
18
What is the value of -12 - (-14 + 21 + -25 - -27)?
-21
Evaluate -6 + (-4 - -23) + 45.
58
What is (6 - -7) + -74 - -11 - 8?
-58
-56 - (0 - (13 + 43))
0
What is 14 - 75 - (21 + -25)?
-57
(4 - -1) + (5 - (9 - -3) - 5) + 6
-1
What is -26 - (-1 + 3) - (42349 - 42324)?
-53
Calculate -12 + 61 + -32 + -11 + 1 + 2.
9
Calculate 15 + 16 + -6 + (8 + -9 - -35).
59
What is the value of (-2 - -1 - (-4 - -2)) + -80 + 191 + -167?
-55
Evaluate 0 + -9 + 26 - 9 - -4.
12
Evaluate -78 + 13 + -10 + -21.
-96
17 + 77 - 94 - -22
22
What is the value of 101 + (34 + -32 - -1) - (-4 - 2)?
110
(-1 - 21 - (-600 - -605)) + 8 - 86
-105
What is (-51 - (36 + -56)) + 73?
42
What is (-127 - (45 + -160)) + (3 - -10)?
1
-19 - ((-15 - 8) + -89) - (5 - 2)
90
-49 + 11 + (0 - 11)
-49
(6 - -55) + -5 + (-260 - -273)
69
(1 - 4) + 14 + 3 + -61
-47
27 + -5 + (-24 + 39 - 4)
33
30 - (-35 - (32 + -108))
-11
What is the value of -2767 + 2717 - (-7 + 4 + -6 - (1 + -4))?
-44
What is the value of -1 - -80 - (721 + -674)?
32
What is 50 - (-110 - (80 - 116))?
124
Evaluate 0 + 10 - (34 + -53 - (-2 + -26)).
1
Evaluate 122 + -13 + -115 - (20 + -1).
-25
(-1 + 10 - (32 - ((-20 - -27) + 10))) + 44
38
What is (-37 - 3) + 7 + 54 + -39?
-18
Evaluate 10 + (23 - (40 - 56)).
49
1 - 43 - (-2 - -1) - (573 - 572)
-42
Evaluate -1 + 2 - -38 - (-696 - -719).
16
Evaluate (317 - 236) + -4 + -55.
22
What is the value of -106 - (-18 - 0 - 23) - (1 - (3 - -8))?
-55
What is -33 - ((-142 - -9) + 173)?
-73
Evaluate -3 + 28 - (0 - (-20 - -11) - 10).
26
Calculate -12 + 18 + -18 + -11 + -104 + 16.
-111
Calculate -1 + 7 + 135 + 618 + -648.
111
-16 + (18 - -14) + -109 - 15
-108
What is the value of (87 - (114 + -146)) + -87?
32
Calculate -12 + ((31 + -14 - 9) + -69 - -20).
-53
-78 + (49 - 29) - -31 - 68
-95
-9 + (0 - -24) + (151 - 159) - -27
34
What is (-57 - (49 - 101)) + (3 - (-83 - (-8 + 3)))?
76
Calculate 3 + 15 - (116 + -133).
35
-8 - (-16 - -12 - (-5 + -24 + 6))
-27
What is the value of 56 + -9 + -55 + -4 + (2 - -12)?
2
What is -31 - -1 - (3 - (-26 - (-54 + 31)))?
-36
Calculate -2 - (-11 + (-4 - (-19 + 13)) + -38).
45
Calculate -9 - (-39 + 29 - ((-8 - -2) + 96)).
91
What is 5 - 22 - (55 + 4 + -35 + 22)?
-63
What is the value of (5 + (-7 - -14) + -14 - (0 + 45)) + 10?
-37
Calculate (0 - (13 + -10)) + -3 - (-138 + 66).
66
What is 16 + 14 + -35 + -3 + 12 - (30 + -7)?
-19
What is the value of 4 + (27 - 2) + 2 + (36 - 26)?
41
What is 35 + (-3 + 38 + -34 - (1 - -2))?
33
Calculate 0 + -62 + -6 + 16 + 8.
-44
Calculate 23 + 15 + -33 - (-38 - -3).
40
What is the value of -31 + -17 + (12 - (1 - 77))?
40
(3 - -17) + (-25 - -16) - (26 + 35)
-50
What is the value of (25 - (-200 + 118)) + 34?
141
Evaluate (-14 + 1 - 13) + 97 + -126.
-55
What is -434 + 426 - (-1 - (19 + -3 + 4))?
13
Evaluate 1 + -82 + (-36 - -30 - (5 - 12)) + 2.
-78
What is (14 - -20) + (5 - -17 - -51)?
107
What is the value of -8 - (-96 - (-175 - 37))?
-124
What is 10 - (32 + (-8 + 1 - (-5 + -9 - -21)))?
-8
What is the value of -36 + 74 - 62 - (-21 + -11)?
8
Evaluate (-3 - (2 + -21)) + (-593 - -565) - (-92 + -1).
81
What is the value of 1 - 37 - (-1480 - -1462)?
-18
-24 + (15 - -10) - (31 + -3 + -1)
-26
1 - 56 - (-26 + 14 + -25 - -31)
-49
7490 + -7485 - (-64 - -2 - -2)
65
What is 13 + (8 - 63 - -120)?
78
-1 + -6 + 11 + (40 - 32) + -10
2
Calculate 4 - 4 - 0 - (96 - (43 + -27)).
-80
What is (48 + -20 + -19 - (3 + 1)) + (1 - 44)?
-38
Calculate 32 + -23 + 17 - (7 - (3 + (-2 - -1))).
21
What is the value of 10 + -26 + -2 + 4 + -4?
-18
Calculate 2 - ((-11 - 11 - 17) + (-1 - -14)).
28
Evaluate (22 - 2 - (-78 + 90) - 2) + -40.
-34
0 + -9 - (504 - 498) - 7
-22
What is (-13 - 1) + -126 + (98 - -19)?
-23
Calculate (-24 - ((-32 - -16) + 9)) + -10 + -1.
-28
Evaluate -3 - (-79 - (-6 + 30)).
100
What is the value of -9 - ((0 - -18) + (32 - (84 - 41)))?
-16
1 - (43 + 7 + (-18 - -6) - -5)
-42
Evaluate (-89 - (-123 - -54)) + 3 + 0 + 10.
-7
What is the value of (-30 - (0 - 1)) + (-26292 - -26326)?
5
What is (-26 - -30 - 47) + -3?
-46
What is the value of 132 - 0 - (-8752 - -8915)?
-31
-1 - -64 - (15 - ((-7 - -14) + 10))
65
Calculate 16 - (-10 - -5 - (-1 + 0 + -4)).
16
What is 149 - 126 - 52 - (2 - 1 - 8)?
-22
2 - ((2 - -1) + 6) - (-3 + 3 - 42)
35
(20 - (-166 - -162)) + -40 + 0
-16
What is the value of (2 - 2) + 19 + 3086 + -3147?
-42
Evaluate 0 + -22 + -51 + (6 - -53) - -39.
25
(36 - (45 - (13 - 1))) + 64
67
Evaluate (1 - 12) + -39 + 14 + 37 + 25.
26
What is -5 + (15 - (9 + 8)) - -40?
33
What is 376 - 320 - (-3 - -44)?
15
What is (-99 - -78) + 50 - 52?
-23
What is the value of (77 - 11) + -57 + 47?
56
What is the value of 11 + 4 + (143 - 211)?
-53
What is the value of (-8 - (-16 - (-18 + -8))) + 31 - 14?
-1
What is (7 - (69 - 36)) + 40 + -61?
-47
Evaluate -26 + (2 - 81) + -1594 + 1636.
-63
Evaluate 1 + -4 + 8 - 1 - (-38 + 21).
21
1118 + -1201 - (14 + 4 + 7)
-108
((3 - -18) + (19 - 17) - 40) + -1 + 4
-14
Evaluate -17 - (-47 - (-50 + 23)).
3
What is the value of -43 + (-10 - (-13 - -1 - (-27 - -22)))?
-46
Evaluate (-6 - -2) + -2 - -8 - (0 + 3) - 98.
-99
324 + 38 + -162 - 97
103
Calculate 47 + -48 - (-74 - -2).
71
What is -89 + 37 + -7 - -26?
-33
Evaluate -43 + (-39 - -116) + -3 + 23.
54
What is the value of 38 - (12 + (9 + -4 - 21))?
42
What is 0 - -2 - ((-1344 - -1351) + (24 - 1))?
-28
Evaluate -31 - 1 - (-738 + 704).
2
What is 7 + -94 + 42 + 23?
-22
Calculate 35 + 29 + 1 + -72.
-7
Calculate -6 + (23 + 7 - 32 - -10).
2
What is 1004 - 1058 - (1 - 35)?
-20
-5 + (0 - 1) - (101 + -54 + -45)
-8
What is (74 - 17) + -79 + 55?
33
Evaluate 25 + -18 + -25 + -8 + 29.
3
What is -9 + 23 + 3 + (23 - -5) + -3?
42
Evaluate 11 + 26 + -13 - 39 - (2 + -66).
49
What is (3 - 1) + 0 + (96 - -24 - 162)?
-40
Calculate -71 + 76 + -60 + 89.
34
Evaluate (-6 - (-4 + 7 + -11 + 1)) + 11 + 0.
12
What is the value of (12 - 21) + (-132 - -124)?
-17
1 - -3 - -4 - (-983 - -935)
56
What is the value of (-8 + 4 - 10 - (12 - 19)) + -6?
-13
What is the value of -8 + 1 - (-48 - -65 - 31)?
7
Calculate -5 - 9 - (17 + -24 + -8) - 13 - -46.
34
What is 2 + 17 + 1034 + -1032?
21
Calculate (209 - 213 - (-1 - 2)) + 14.
13
Calculate 26 + -3 + 6 - ((-3 - (9 - 17)) + -6).
30
What is (-42 + -1 - (-35 + 26) - (6 + -12)) + -6?
-34
Calculate -130 + 141 + -40 - (22 - -2).
-53
Calculate (-1 + -30 - (-100 - (7 - 96))) + 53.
33
-106 + 52 - (-3 + (5 + -12 + 0 - -1))
-45
(-6 - (-8 + 13)) + 74 + 42
105
What is the value of (5 - (-64 - -39) - 47) + 30?
13
Evaluate (-6 - 34) + -2 + (21 + -8 - (3 - -2)).
-34
(0 - 7) + (-22 + -35 - -38)
-26
What is the value of (23 - (22 - (13 - 20))) + 3 + -3?
-6
Calculate (-2 - (-5 + -5)) + -10 - (-5 - 5).
8
What is -15 - ((2 - 2) + (11 - 32) - -10) - 122?
-126
2 - ((100 - 32) + (-2 - (-4 + 5)) + 5)
-68
Calculate -32 - ((-57 - -4) + (-10 - -20)).
11
What is the value of (1 - -1) + -1 + -14 + -1485 + 1541?
43
-2 + 9 + -1 - ((82 - -32 - 5) + -24)
-79
What is -5 + 5 + 1 + -14 + 23 + -3?
7
What is -3 + (6 - (1 - 3)) + -16 - (-35 - 37)?
61
What is the value of -20 + 36 + 12 + -7 + -20?
1
Calculate -77 + (-9 + -10 + -10 - -29).
-77
Evaluate -3 + -77 - (369 - 484).
35
What is the value of 25 + -146 + 78 + 20?
-23
Evaluate 50 - (18 + (-61 - -23) + 14).
56
Calculate -19 - 86 - -47 - (-19 + -1).
-38
Calculate 168 - (-61 - (-11 - 119)).
99
Evaluate (0 - -2) + (-103 - -57) + (3 - -9).
-32
What is 9 - (-1 + -12 - (-28 + 41 + -100))?
-65
0 + (1 - -8) + (29 - -27) + 17
82
Evaluate -54 + (-3 - -2) + -63 + 145 + -66.
-39
What is the value of -249 + 272 - (-4 - (-12 + 6 - -6))?
27
What is -8 + -5 + 11 + (0 - -8 - (-22 + -17))?
45
Calculate -23 + 6 + 71 + -47 + -89.
-82
Calculate 7 + (-6 - (-7 + -49)) + (-17 + 19 - 8).
51
What is (6 + -6 - 3) + 